{"id":715,"date":"2023-06-26T19:11:39","date_gmt":"2023-06-26T19:11:39","guid":{"rendered":"https:\/\/swingenieria.com\/?page_id=715"},"modified":"2024-04-08T08:51:50","modified_gmt":"2024-04-08T08:51:50","slug":"preserveair","status":"publish","type":"page","link":"https:\/\/swingenieria.com\/index.php\/preserveair\/","title":{"rendered":"PreserveAir"},"content":{"rendered":"\n\n  <div class=\"banner has-hover\" id=\"banner-1887566106\">\n          <div class=\"banner-inner fill\">\n        <div class=\"banner-bg fill\" >\n            <div class=\"bg fill bg-fill \"><\/div>\n                        <div class=\"overlay\"><\/div>            \n                    <\/div>\n        <div class=\"banner-layers container\">\n            <div class=\"fill banner-link\"><\/div>            \n\n   <div id=\"text-box-1203662595\" class=\"text-box banner-layer x100 md-x100 lg-x100 y15 md-y50 lg-y50 res-text\">\n                                <div class=\"text-box-content text dark\">\n              \n              <div class=\"text-inner text-center\">\n                  \n\n\t<div id=\"text-58814450\" class=\"text\">\n\t\t\n\n<h3 class=\"uppercase\"><span style=\"font-weight: 400;\">Servicio de transporte refrigerado PreserveAire<\/span><\/h3>\n\t\t\n<style>\n#text-58814450 {\n  font-size: 1.25rem;\n  line-height: 3;\n  text-align: center;\n}\n@media (min-width:550px) {\n  #text-58814450 {\n    line-height: 3;\n    text-align: left;\n  }\n}\n<\/style>\n\t<\/div>\n\t\n\n              <\/div>\n           <\/div>\n                            \n<style>\n#text-box-1203662595 {\n  width: 100%;\n}\n#text-box-1203662595 .text-box-content {\n  font-size: 100%;\n}\n@media (min-width:550px) {\n  #text-box-1203662595 {\n    width: 37%;\n  }\n}\n<\/style>\n    <\/div>\n \n\n        <\/div>\n      <\/div>\n\n            \n<style>\n#banner-1887566106 {\n  padding-top: 400px;\n}\n#banner-1887566106 .bg.bg-loaded {\n  background-image: url(https:\/\/swingenieria.com\/wp-content\/uploads\/2023\/06\/preser.jpg);\n}\n#banner-1887566106 .overlay {\n  background-color: rgba(0, 0, 0, 0.57);\n}\n#banner-1887566106 .bg {\n  background-position: 45% 57%;\n}\n@media (min-width:550px) {\n  #banner-1887566106 .overlay {\n    background-color: rgba(0, 0, 0, 0.366);\n  }\n}\n<\/style>\n  <\/div>\n\n\n\t<section class=\"section\" id=\"section_1434426447\">\n\t\t<div class=\"bg section-bg fill bg-fill  bg-loaded\" >\n\n\t\t\t\n\t\t\t\n\t\t\t\n\n\t\t<\/div>\n\n\t\t<div class=\"section-content relative\">\n\t\t\t\n\n<div class=\"row align-center\"  id=\"row-1510211484\">\n\n\n\t<div id=\"col-1787820655\" class=\"col medium-10 small-12 large-10\"  >\n\t\t<div class=\"col-inner\"  >\n\t\t\t\n\t\t\t\n\n<p><span style=\"font-weight: 400;\">PreserveAir es nuestro servicio de bajo costo de transporte refrigerado para productos frescos. Especializados en transporte del campo al centro de empaque o distribuci\u00f3n. Mant\u00e9n la cadena de fr\u00edo y reduce el estr\u00e9s de tus productos.<\/span><\/p>\n\n\t\t<\/div>\n\t\t\t<\/div>\n\n\t\n\n<\/div>\n\n\t\t<\/div>\n\n\t\t\n<style>\n#section_1434426447 {\n  padding-top: 30px;\n  padding-bottom: 30px;\n}\n<\/style>\n\t<\/section>\n\t\n\t<section class=\"section\" id=\"section_988363810\">\n\t\t<div class=\"bg section-bg fill bg-fill  bg-loaded\" >\n\n\t\t\t\n\t\t\t\n\t\t\t\n\n\t\t<\/div>\n\n\t\t<div class=\"section-content relative\">\n\t\t\t\n\n<div class=\"row align-center\"  id=\"row-1528938967\">\n\n\n\t<div id=\"col-698866745\" class=\"col medium-6 small-12 large-6\"  >\n\t\t<div class=\"col-inner text-center\"  >\n\t\t\t\n\t\t\t\n\n\t<div class=\"img has-hover x md-x lg-x y md-y lg-y\" id=\"image_1066640384\">\n\t\t\t\t\t\t\t\t<div class=\"img-inner image-cover dark\" style=\"padding-top:100%;\">\n\t\t\t<img loading=\"lazy\" decoding=\"async\" width=\"2000\" height=\"1333\" src=\"https:\/\/swingenieria.com\/wp-content\/uploads\/2023\/06\/D7A6509.jpg\" class=\"attachment-original size-original\" alt=\"\" srcset=\"https:\/\/swingenieria.com\/wp-content\/uploads\/2023\/06\/D7A6509.jpg 2000w, https:\/\/swingenieria.com\/wp-content\/uploads\/2023\/06\/D7A6509-300x200.jpg 300w, https:\/\/swingenieria.com\/wp-content\/uploads\/2023\/06\/D7A6509-1024x682.jpg 1024w, https:\/\/swingenieria.com\/wp-content\/uploads\/2023\/06\/D7A6509-768x512.jpg 768w, https:\/\/swingenieria.com\/wp-content\/uploads\/2023\/06\/D7A6509-1536x1024.jpg 1536w\" sizes=\"auto, (max-width: 2000px) 100vw, 2000px\" \/>\t\t\t\t\t\t\n\t\t\t\t\t<\/div>\n\t\t\t\t\t\t\t\t\n<style>\n#image_1066640384 {\n  width: 100%;\n}\n<\/style>\n\t<\/div>\n\t\n\n\n\t\t<\/div>\n\t\t\t<\/div>\n\n\t\n\n\t<div id=\"col-444010054\" class=\"col medium-6 small-12 large-6\"  >\n\t\t<div class=\"col-inner text-center\"  >\n\t\t\t\n\t\t\t\n\n\t<div id=\"text-3208801751\" class=\"text\">\n\t\t\n\n<h2><span style=\"font-weight: 400;\">Ventajas de PreserveAir<\/span><\/h2>\n\t\t\n<style>\n#text-3208801751 {\n  font-size: 1.25rem;\n  text-align: center;\n}\n<\/style>\n\t<\/div>\n\t\n\t<div id=\"gap-796131102\" class=\"gap-element clearfix\" style=\"display:block; height:auto;\">\n\t\t\n<style>\n#gap-796131102 {\n  padding-top: 10px;\n}\n@media (min-width:550px) {\n  #gap-796131102 {\n    padding-top: 30px;\n  }\n}\n<\/style>\n\t<\/div>\n\t\n\n\t<div id=\"text-281095694\" class=\"text\">\n\t\t\n\n<ul>\n<li style=\"font-weight: 400;\" aria-level=\"1\"><span style=\"font-weight: 400;\">Reduce la temperatura y aumenta la humedad relativa, generando condiciones ideales para los cultivos.<\/span><\/li>\n<li style=\"font-weight: 400;\" aria-level=\"1\"><span style=\"font-weight: 400;\">Cuenta con un flujo de aire abierto que permite la manipulaci\u00f3n del cultivo sin necesidad de cerrar puertas.<\/span><\/li>\n<li style=\"font-weight: 400;\" aria-level=\"1\"><span style=\"font-weight: 400;\">Es ecol\u00f3gico, utiliza agua como medio de enfriamiento y requiere muy poca energ\u00eda.<\/span><\/li>\n<li style=\"font-weight: 400;\" aria-level=\"1\"><span style=\"font-weight: 400;\">No afecta las operaciones normales, ya que la instalaci\u00f3n se realiza en las mismas unidades cosecheras que se utilizan normalmente en el campo.<\/span><\/li>\n<\/ul>\n\t\t\n<style>\n#text-281095694 {\n  font-size: 1rem;\n  text-align: left;\n}\n<\/style>\n\t<\/div>\n\t\n\t<div id=\"gap-585985997\" class=\"gap-element clearfix\" style=\"display:block; height:auto;\">\n\t\t\n<style>\n#gap-585985997 {\n  padding-top: 30px;\n}\n<\/style>\n\t<\/div>\n\t\n\n<a href=\"https:\/\/wa.me\/message\/JV7J6TEMDNP3D1\" target=\"_self\" class=\"button primary\"  style=\"border-radius:15px;\">\n    <span>cotiza ahora<\/span>\n  <\/a>\n\n\n<a href=\"https:\/\/swingenieria.com\/wp-content\/uploads\/2023\/06\/cutsheet-cool-space-500.pdf\" target=\"_self\" class=\"button primary\"  style=\"border-radius:15px;\">\n    <span>ficha t\u00e9cnica<\/span>\n  <\/a>\n\n\n\n\t\t<\/div>\n\t\t\t<\/div>\n\n\t\n\n<\/div>\n<div class=\"text-center\"><div class=\"is-divider divider clearfix\" style=\"max-width:1920px;background-color:rgb(17, 176, 97);\"><\/div><\/div>\n\n\n\t\t<\/div>\n\n\t\t\n<style>\n#section_988363810 {\n  padding-top: 30px;\n  padding-bottom: 30px;\n}\n<\/style>\n\t<\/section>\n\t\n\t<section class=\"section\" id=\"section_2120301476\">\n\t\t<div class=\"bg section-bg fill bg-fill  bg-loaded\" >\n\n\t\t\t\n\t\t\t\n\t\t\t\n\n\t\t<\/div>\n\n\t\t<div class=\"section-content relative\">\n\t\t\t\n\n<div class=\"row align-center\"  id=\"row-1414042474\">\n\n\n\t<div id=\"col-223640497\" class=\"col medium-10 small-12 large-10\"  >\n\t\t<div class=\"col-inner\"  >\n\t\t\t\n\t\t\t\n\n<p><span style=\"font-weight: 400;\">\u00bfSab\u00edas que el enfriamiento evaporativo es una tecnolog\u00eda eficaz para reducir la deshidrataci\u00f3n de frutas y verduras durante el transporte? En un estudio que realizamos recientemente con uno de nuestros clientes, equipamos 5 camiones con tecnolog\u00eda de enfriamiento evaporativo y los utilizamos para transportar uvas Red Globe desde el campo hasta el packing, con una distancia promedio de 3 horas. Los resultados fueron sorprendentes, ya que pudimos notar una reducci\u00f3n promedio del 22% en la deshidrataci\u00f3n del producto.<\/span><\/p>\n\t<div class=\"img has-hover x md-x lg-x y md-y lg-y\" id=\"image_904890512\">\n\t\t\t\t\t\t\t\t<div class=\"img-inner dark\" >\n\t\t\t<img loading=\"lazy\" decoding=\"async\" width=\"1381\" height=\"703\" src=\"https:\/\/swingenieria.com\/wp-content\/uploads\/2023\/06\/Imagen-de-WhatsApp-2023-06-26-a-las-15.09.09.jpg\" class=\"attachment-original size-original\" alt=\"\" srcset=\"https:\/\/swingenieria.com\/wp-content\/uploads\/2023\/06\/Imagen-de-WhatsApp-2023-06-26-a-las-15.09.09.jpg 1381w, https:\/\/swingenieria.com\/wp-content\/uploads\/2023\/06\/Imagen-de-WhatsApp-2023-06-26-a-las-15.09.09-300x153.jpg 300w, https:\/\/swingenieria.com\/wp-content\/uploads\/2023\/06\/Imagen-de-WhatsApp-2023-06-26-a-las-15.09.09-1024x521.jpg 1024w, https:\/\/swingenieria.com\/wp-content\/uploads\/2023\/06\/Imagen-de-WhatsApp-2023-06-26-a-las-15.09.09-768x391.jpg 768w\" sizes=\"auto, (max-width: 1381px) 100vw, 1381px\" \/>\t\t\t\t\t\t\n\t\t\t\t\t<\/div>\n\t\t\t\t\t\t\t\t\n<style>\n#image_904890512 {\n  width: 100%;\n}\n<\/style>\n\t<\/div>\n\t\n\n\n\t\t<\/div>\n\t\t\t<\/div>\n\n\t\n\n<\/div>\n\n\t\t<\/div>\n\n\t\t\n<style>\n#section_2120301476 {\n  padding-top: 0px;\n  padding-bottom: 0px;\n}\n<\/style>\n\t<\/section>\n\t\n\t<section class=\"section\" id=\"section_1281868580\">\n\t\t<div class=\"bg section-bg fill bg-fill  bg-loaded\" >\n\n\t\t\t\n\t\t\t\n\t\t\t\n\n\t\t<\/div>\n\n\t\t<div class=\"section-content relative\">\n\t\t\t\n\n<div class=\"row align-center\"  id=\"row-110374071\">\n\n\n\t<div id=\"col-1597697238\" class=\"col medium-10 small-12 large-10\"  >\n\t\t<div class=\"col-inner\"  >\n\t\t\t\n\t\t\t\n\n<p><span style=\"font-weight: 400;\"><br \/><\/span><span style=\"font-weight: 400;\">PreserveAir mejora la condici\u00f3n postcosecha de la fruta. Realizamos un an\u00e1lisis cualitativo en uvas despu\u00e9s de 30 d\u00edas de almacenamiento en fr\u00edo. Los resultados fueron claros: la fruta transportada con PreserveAir obtuvo una mejor calificaci\u00f3n de condici\u00f3n, lo que increment\u00f3 el valor del producto al llegar a su destino y redujo los reclamos al arribo.<\/span><\/p>\n\t<div class=\"img has-hover x md-x lg-x y md-y lg-y\" id=\"image_645661420\">\n\t\t\t\t\t\t\t\t<div class=\"img-inner dark\" >\n\t\t\t<img loading=\"lazy\" decoding=\"async\" width=\"891\" height=\"725\" src=\"https:\/\/swingenieria.com\/wp-content\/uploads\/2023\/06\/cuadro.jpg\" class=\"attachment-original size-original\" alt=\"\" srcset=\"https:\/\/swingenieria.com\/wp-content\/uploads\/2023\/06\/cuadro.jpg 891w, https:\/\/swingenieria.com\/wp-content\/uploads\/2023\/06\/cuadro-300x244.jpg 300w, https:\/\/swingenieria.com\/wp-content\/uploads\/2023\/06\/cuadro-768x625.jpg 768w\" sizes=\"auto, (max-width: 891px) 100vw, 891px\" \/>\t\t\t\t\t\t\n\t\t\t\t\t<\/div>\n\t\t\t\t\t\t\t\t\n<style>\n#image_645661420 {\n  width: 100%;\n}\n<\/style>\n\t<\/div>\n\t\n\n\n\t\t<\/div>\n\t\t\t<\/div>\n\n\t\n\n<\/div>\n\n\t\t<\/div>\n\n\t\t\n<style>\n#section_1281868580 {\n  padding-top: 0px;\n  padding-bottom: 0px;\n}\n<\/style>\n\t<\/section>\n\t\n\t<section class=\"section\" id=\"section_89188286\">\n\t\t<div class=\"bg section-bg fill bg-fill  bg-loaded\" >\n\n\t\t\t\n\t\t\t\n\t\t\t\n\n\t\t<\/div>\n\n\t\t<div class=\"section-content relative\">\n\t\t\t\n\n<div class=\"row align-center\"  id=\"row-1515782123\">\n\n\n\t<div id=\"col-1500319440\" class=\"col medium-10 small-12 large-10\"  >\n\t\t<div class=\"col-inner\"  >\n\t\t\t\n\t\t\t\n\n<p><span style=\"font-weight: 400;\"><br \/><\/span><span style=\"font-weight: 400;\">Realizamos un estudio con esp\u00e1rragos transport\u00e1ndolos de campo hasta el packing, con una distancia promedio de 2 horas. Los resultados de la reducci\u00f3n de deshidrataci\u00f3n promedio fueron a\u00fan m\u00e1s prometedores que la uva, dando un promedio de 46%<\/span><\/p>\n\t<div class=\"img has-hover x md-x lg-x y md-y lg-y\" id=\"image_1086815013\">\n\t\t\t\t\t\t\t\t<div class=\"img-inner dark\" >\n\t\t\t<img loading=\"lazy\" decoding=\"async\" width=\"1207\" height=\"725\" src=\"https:\/\/swingenieria.com\/wp-content\/uploads\/2023\/06\/Imagen-de-WhatsApp-2023-06-26-a-las-15.09.1.jpg\" class=\"attachment-original size-original\" alt=\"\" srcset=\"https:\/\/swingenieria.com\/wp-content\/uploads\/2023\/06\/Imagen-de-WhatsApp-2023-06-26-a-las-15.09.1.jpg 1207w, https:\/\/swingenieria.com\/wp-content\/uploads\/2023\/06\/Imagen-de-WhatsApp-2023-06-26-a-las-15.09.1-300x180.jpg 300w, https:\/\/swingenieria.com\/wp-content\/uploads\/2023\/06\/Imagen-de-WhatsApp-2023-06-26-a-las-15.09.1-1024x615.jpg 1024w, https:\/\/swingenieria.com\/wp-content\/uploads\/2023\/06\/Imagen-de-WhatsApp-2023-06-26-a-las-15.09.1-768x461.jpg 768w\" sizes=\"auto, (max-width: 1207px) 100vw, 1207px\" \/>\t\t\t\t\t\t\n\t\t\t\t\t<\/div>\n\t\t\t\t\t\t\t\t\n<style>\n#image_1086815013 {\n  width: 100%;\n}\n<\/style>\n\t<\/div>\n\t\n\n\n\t\t<\/div>\n\t\t\t<\/div>\n\n\t\n\n<\/div>\n\n\t\t<\/div>\n\n\t\t\n<style>\n#section_89188286 {\n  padding-top: 0px;\n  padding-bottom: 0px;\n}\n<\/style>\n\t<\/section>\n\t\n\t<section class=\"section dark\" id=\"section_1947985332\">\n\t\t<div class=\"bg section-bg fill bg-fill  bg-loaded\" >\n\n\t\t\t\n\t\t\t<div class=\"section-bg-overlay absolute fill\"><\/div>\n\t\t\t\n\n\t\t<\/div>\n\n\t\t<div class=\"section-content relative\">\n\t\t\t\n\n<div class=\"row\"  id=\"row-1437031880\">\n\n\n\t<div id=\"col-252583045\" class=\"col small-12 large-12\"  >\n\t\t<div class=\"col-inner text-center\"  >\n\t\t\t\n\t\t\t\n\n<div class=\"ux-logo has-hover align-middle ux_logo inline-block\" style=\"max-width: 100%!important; width: 253px!important\"><div class=\"ux-logo-link block image-\" title=\"\"  href=\"\" style=\"padding: 15px;\"><img decoding=\"async\" src=\"https:\/\/swingenieria.com\/wp-content\/uploads\/2023\/04\/logo-swingenieria.png\" title=\"\" alt=\"\" class=\"ux-logo-image block\" style=\"height:80px;\" \/><\/div><\/div>\n\n\n\t\t<\/div>\n\t\t\n<style>\n#col-252583045 > .col-inner {\n  padding: 30px 0px 0px 0px;\n}\n<\/style>\n\t<\/div>\n\n\t\n\n<\/div>\n\t<div id=\"gap-1194153228\" class=\"gap-element clearfix\" style=\"display:block; height:auto;\">\n\t\t\n<style>\n#gap-1194153228 {\n  padding-top: 30px;\n}\n<\/style>\n\t<\/div>\n\t\n\n<div class=\"row\"  id=\"row-8059324\">\n\n\n\t<div id=\"col-54299483\" class=\"col medium-4 small-12 large-4\"  >\n\t\t<div class=\"col-inner text-center\"  >\n\t\t\t\n\t\t\t\n\n<p>Calle Alcanfores 1245, Miraflores&nbsp;<br \/>Lima-Per\u00fa<\/p>\n\n\t\t<\/div>\n\t\t\t<\/div>\n\n\t\n\n\t<div id=\"col-1598907928\" class=\"col medium-4 small-12 large-4\"  >\n\t\t<div class=\"col-inner text-center\"  >\n\t\t\t\n\t\t\t\n\n<p><a href=\"mailto:comercial@swingenieria.com\">comercial@swingenieria.com<\/a><br \/><a href=\"alvaro@swingenieria.com\">alvaro@swingenieria.com<\/a><br \/><a\nhref=\"mailto:aplicaciones@swingenieria.com\">aplicaciones@swingenieria.com<\/a><br \/><a< p=\"\"><\/p>\n\n\t\t<\/div>\n\t\t\t<\/div>\n\n\t\n\n\t<div id=\"col-2099310398\" class=\"col medium-4 small-12 large-4\"  >\n\t\t<div class=\"col-inner text-center\"  >\n\t\t\t\n\t\t\t\n\n<p><\/a<><\/p>\n<p><a href=\"https:\/\/swingenieria.com\/index.php\/contacto\/\">Contacto<\/a><p><a href=\"https:\/\/swingenieria.com\/index.php\/contacto\/\">922330784<\/a><\/p>\n\n\t\t<\/div>\n\t\t\t<\/div>\n\n\t\n\n<\/div>\n<div class=\"social-icons follow-icons full-width text-center\" style=\"font-size:110%\"><a href=\"mailto:comercial@swingenieria.com\" data-label=\"E-mail\"  rel=\"nofollow\" class=\"icon plain  email tooltip\" title=\"Env\u00edanos un email\"><i class=\"icon-envelop\" ><\/i><\/a><a href=\"https:\/\/www.linkedin.com\/company\/sw-ingenier%C3%ADa-agroindustrial\/\" target=\"_blank\" rel=\"noopener noreferrer nofollow\" data-label=\"LinkedIn\" class=\"icon plain  linkedin tooltip\" title=\"Follow on LinkedIn\"><i class=\"icon-linkedin\" ><\/i><\/a><\/div>\n\n\t<div id=\"gap-1706060497\" class=\"gap-element clearfix\" style=\"display:block; height:auto;\">\n\t\t\n<style>\n#gap-1706060497 {\n  padding-top: 30px;\n}\n<\/style>\n\t<\/div>\n\t\n\n\n\t\t<\/div>\n\n\t\t\n<style>\n#section_1947985332 {\n  padding-top: 30px;\n  padding-bottom: 30px;\n  background-color: rgb(47, 47, 47);\n}\n#section_1947985332 .section-bg-overlay {\n  background-color: rgba(0,0,0,.5);\n}\n@media (min-width:850px) {\n  #section_1947985332 {\n    padding-top: 30px;\n    padding-bottom: 30px;\n  }\n}\n<\/style>\n\t<\/section>\n\t\n\n","protected":false},"excerpt":{"rendered":"","protected":false},"author":2,"featured_media":0,"parent":0,"menu_order":0,"comment_status":"closed","ping_status":"closed","template":"page-blank.php","meta":{"footnotes":""},"class_list":["post-715","page","type-page","status-publish","hentry"],"_links":{"self":[{"href":"https:\/\/swingenieria.com\/index.php\/wp-json\/wp\/v2\/pages\/715","targetHints":{"allow":["GET"]}}],"collection":[{"href":"https:\/\/swingenieria.com\/index.php\/wp-json\/wp\/v2\/pages"}],"about":[{"href":"https:\/\/swingenieria.com\/index.php\/wp-json\/wp\/v2\/types\/page"}],"author":[{"embeddable":true,"href":"https:\/\/swingenieria.com\/index.php\/wp-json\/wp\/v2\/users\/2"}],"replies":[{"embeddable":true,"href":"https:\/\/swingenieria.com\/index.php\/wp-json\/wp\/v2\/comments?post=715"}],"version-history":[{"count":15,"href":"https:\/\/swingenieria.com\/index.php\/wp-json\/wp\/v2\/pages\/715\/revisions"}],"predecessor-version":[{"id":827,"href":"https:\/\/swingenieria.com\/index.php\/wp-json\/wp\/v2\/pages\/715\/revisions\/827"}],"wp:attachment":[{"href":"https:\/\/swingenieria.com\/index.php\/wp-json\/wp\/v2\/media?parent=715"}],"curies":[{"name":"wp","href":"https:\/\/api.w.org\/{rel}","templated":true}]}}